700 a multiple of 300?
True
Is 1722 a factor of 22336062?
True
Is 42255 a multiple of 46?
False
Is 10 a factor of 1501220?
True
Is 4 a factor of 12162?
False
Is 270 a factor of 3106095?
False
Is 8 a factor of 1779136?
True
Is 24 a factor of 667713?
False
Is 4 a factor of 20643?
False
Is 318 a factor of 5469282?
True
Is 2135929 a multiple of 376?
False
Is 13 a factor of 497170?
False
Does 36 divide 1610208?
True
Is 249 a factor of 4733246?
False
Does 428 divide 995496?
False
Is 4386377 a multiple of 9?
False
Is 66 a factor of 10145454?
True
Does 102 divide 4204644?
True
Is 4092559 a multiple of 367?
False
Is 42251 a multiple of 16?
False
Is 10878757 a multiple of 584?
False
Is 30447334 a multiple of 34?
False
Does 26 divide 4173505?
False
Is 1266 a factor of 1205232?
True
Is 215285 a multiple of 35?
True
Is 14 a factor of 457590?
True
Is 1102320 a multiple of 40?
True
Is 1047 a factor of 3932532?
True
Is 109 a factor of 10185255?
False
Does 28 divide 63237?
False
Is 14794436 a multiple of 1352?
False
Is 390340 a multiple of 276?
False
Is 175220 a multiple of 3?
False
Is 2 a factor of 20948?
True
Does 149 divide 183320?
False
Is 17339 a multiple of 8?
False
Is 6564805 a multiple of 169?
True
Does 16 divide 16779984?
True
Is 15 a factor of 2820058?
False
Is 34056 a multiple of 9?
True
Is 206232 a multiple of 12?
True
Does 6 divide 729936?
True
Is 141252 a multiple of 447?
True
Does 163 divide 768442?
False
Does 812 divide 3502173?
False
Is 1532565 a multiple of 277?
False
Is 732 a factor of 371501?
False
Is 1170104 a multiple of 26?
True
Does 30 divide 289350?
True
Is 476 a factor of 116620?
True
Is 756517 a multiple of 47?
False
Does 14 divide 464958?
False
Is 2 a factor of 212936?
True
Is 655180 a multiple of 20?
True
Does 212 divide 96672?
True
Is 670032 a multiple of 376?
True
Is 129816 a multiple of 216?
True
Is 171 a factor of 504792?
True
Is 1128468 a multiple of 1133?
True
Is 131 a factor of 138860?
True
Is 16 a factor of 169904?
True
Is 109008 a multiple of 24?
True
Is 281600 a multiple of 20?
True
Is 222 a factor of 249084?
True
Is 112 a factor of 652816?
False
Is 13 a factor of 1204289?
False
Is 54 a factor of 4619200?
False
Is 4590195 a multiple of 6?
False
Is 243 a factor of 865809?
True
Is 12 a factor of 43320?
True
Is 25050 a multiple of 25?
True
Does 45 divide 58275?
True
Is 107217 a multiple of 19?
True
Is 23 a factor of 76245?
True
Is 372509 a multiple of 33?
False
Does 18 divide 7364340?
True
Is 2339456 a multiple of 94?
False
Does 49 divide 5496?
False
Is 1686008 a multiple of 20?
False
Does 123 divide 995808?
True
Is 7 a factor of 386265?
False
Is 310 a factor of 1669970?
True
Is 1471357 a multiple of 106?
False
Is 39 a factor of 517296?
True
Does 931 divide 3926958?
True
Does 103 divide 10605910?
True
Is 716040 a multiple of 459?
True
Does 285 divide 71535?
True
Is 99 a factor of 390753?
True
Is 529132 a multiple of 313?
False
Does 20 divide 173430?
False
Is 117 a factor of 410670?
True
Does 152 divide 273590?
False
Does 693 divide 704781?
True
Does 931 divide 17692724?
True
Is 9 a factor of 10215?
True
Does 33 divide 421238?
False
Is 817 a factor of 3940030?
False
Is 19 a factor of 6990043?
True
Does 466 divide 702262?
True
Does 99 divide 542369?
False
Is 201518 a multiple of 17?
True
Is 10 a factor of 3083476?
False
Is 325004 a multiple of 119?
False
Is 83 a factor of 1923940?
True
Is 110592 a multiple of 9?
True
Is 78 a factor of 7358364?
True
Does 21 divide 1488816?
True
Is 127 a factor of 293775?
False
Is 13395 a multiple of 57?
True
Is 21 a factor of 10949865?
False
Is 242676 a multiple of 126?
True
Is 420695 a multiple of 20?
False
Is 4205329 a multiple of 1052?
False
Is 17 a factor of 29563?
True
Is 5 a factor of 917123?
False
Does 14 divide 58926?
True
Does 17 divide 77640?
False
Is 14 a factor of 291172?
True
Does 388 divide 88913?
False
Does 28 divide 453954?
False
Is 83 a factor of 174466?
True
Is 5 a factor of 7163896?
False
Does 139 divide 2524681?
False
Does 30 divide 1905110?
False
Is 316020 a multiple of 115?
True
Does 171 divide 906129?
True
Is 25 a factor of 62150?
True
Is 103 a factor of 1908435?
False
Does 13 divide 130169?
True
Does 7 divide 15697?
False
Does 17 divide 352546?
True
Does 9 divide 181301?
False
Does 8 divide 63061?
False
Is 436827 a multiple of 11?
False
Does 155 divide 1641915?
True
Is 86688 a multiple of 199?
False
Is 2 a factor of 814744?
True
Is 165096 a multiple of 66?
False
Is 211798 a multiple of 602?
False
Is 144 a factor of 215646?
False
Is 310698 a multiple of 41?
True
Is 357084 a multiple of 39?
True
Is 166 a factor of 267426?
True
Does 379 divide 458969?
True
Is 21 a factor of 177539?
False
Is 101 a factor of 909857?
False
Is 141050 a multiple of 10?
True
Is 134904 a multiple of 4?
True
Is 25 a factor of 481400?
True
Is 2237664 a multiple of 489?
True
Is 55673 a multiple of 33?
False
Is 80784 a multiple of 12?
True
Is 62 a factor of 1330830?
True
Is 11 a factor of 112588?
False
Does 88 divide 132256?
False
Does 15 divide 95370?
True
Is 40 a factor of 5453523?
False
Is 13 a factor of 1091974?
True
Is 153476 a multiple of 34?
True
Is 186 a factor of 493086?
True
Is 3790140 a multiple of 362?
True
Does 12 divide 311920?
False
Is 663600 a multiple of 21?
True
Is 76111 a multiple of 581?
True
Is 12 a factor of 1049969?
False
Does 39 divide 2174759?
False
Is 277675 a multiple of 18?
False
Is 354 a factor of 17065278?
True
Is 3 a factor of 1371103?
False
Does 11 divide 1493217?
True
Is 4 a factor of 1417608?
True
Is 201 a factor of 198113?
False
Is 120 a factor of 972526?
False
Does 260 divide 23817300?
True
Is 46020 a multiple of 6?
True
Does 10 divide 64906?
False
Is 532665 a multiple of 63?
True
Does 50 divide 704733?
False
Does 528 divide 4673856?
True
Is 1066477 a multiple of 11?
False
Is 174777 a multiple of 23?
True
Is 74 a factor of 58325?
False
Is 6 a factor of 69543?
False
Does 260 divide 4700487?
False
Is 55 a factor of 97570?
True
Is 513 a factor of 2978991?
True
Is 18368 a multiple of 2?
True
Is 90229 a multiple of 50?
False
Is 747720 a multiple of 93?
True
Does 374 divide 598477?
False
Does 12 divide 1621595?
False
Does 12 divide 281197?
False
Is 197 a factor of 461915?
False
Does 445 divide 2425250?
True
Does 312 divide 1124026?
False
Is 154 a factor of 4089008?
True
Is 5 a factor of 472040?
True
Is 389034 a multiple of 167?
False
Does 510 divide 8114542?
False
Is 9 a factor of 5769498?
False
Is 48210 even?
True
Is 25 a factor of 1113325?
True
Does 22 divide 7290932?
True
Is 2708083 a multiple of 772?
False
Does 87 divide 26100?
True
Is 905740 a multiple of 11?
True
Is 17570170 a multiple of 2230?
True
Is 29 a factor of 80156?
True
Is 938607 a multiple of 178?
False
Is 20 a factor of 81051?
False
Is 16 a factor of 1464150?
False
Does 13 divide 993350?
False
Does 100 divide 479300?
True
Does 171 divide 283689?
True
Does 341 divide 14609482?
False
Is 99964 a multiple of 5?
False
Is 6 a factor of 958061?
False
Is 702 a factor of 8202168?
True
Is 7466272 a multiple of 504?
False
Is 95776 a multiple of 16?
True
Is 14 a factor of 11396033?
False
Is 7629 a multiple of 2?
False
Is 1224314 a multiple of 637?
True
Does 201 divide 35480?
False
Is 11 a factor of 213274?
False
Is 129210 a multiple of 107?
False
Does 20 divide 138821?
False
Does 1428 divide 20610209?
False
Does 47 divide 1223880?
True
Is 47 a factor of 30865395?
False
Is 1116440 a multiple of 28?
False
Is 511 a factor of 24528?
True
Does 181 divide 343754?
False
Is 29432 a multiple of 8?
True
Is 321 a factor of 3434244?
False
Does 10 divide 239310?
True
Is 381 a factor of 9674733?
True
Is 613760 a multiple of 56?
True
Is 91 a factor of 46221?
False
Does 33 divide 129761?
False
Does 260 divide 92560?
True
Does 236 divide 1703448?
True
Does 34 divide 26461?
False
Is 712 a factor of 2446432?
True
Does 16 divide 304112?
True
Does 102 divide 10443423?
False
Is 373 a factor of 668789?
True
Is 210 a factor of 4564560?
True
Is 409341 even?
False
Does 9 divide 969273?
True
Does 23 divide 1169757?
True
Is 517176 a multiple of 540?
False
Is 71 a factor of 94927?
True
Does 910 divide 3290658?
False
Is 2469163 a multiple of 41?
False
Does 13 divide 147576?
True
Does 22 divide 2376286?
True
Does 48 divide 716122?
False
Is 12